a + a + 18. What is the highest common factor of 4 and d?
2
Let p(h) = -4*h + 1. Let l = 3 - 6. Let u be -2*3 - (l - -1). Let r be p(u). Calculate the highest common divisor of r and 85.
17
Let l be ((-68)/6)/(9/(-27)). Let x(f) = -f**2 + 18*f + 4. Let b be x(9). Calculate the greatest common factor of b and l.
17
Let i(j) = 4*j**2 + j. Let d be i(-1). Suppose -d*h = 4*s - 66 - 116, 130 = 3*s - h. Let n be (-1)/(-1)*10 - -1. What is the greatest common divisor of n and s?
11
Let b be (16/10)/(2/25). Calculate the greatest common divisor of 5 and b.
5
Suppose -91 = -5*q - 31. Calculate the highest common divisor of 3 and q.
3
Suppose -4*w + 13 = -v, -4*v - 4*w + 8 = -5*w. Suppose t + v*t - 64 = -2*p, -5*p = 5*t - 150. Let a = p - 10. Calculate the highest common divisor of a and 2.
2
Let d be 130/8 - (-3)/(-12). Let x be (-4 + 1)*(11 - d). What is the greatest common factor of x and 165?
15
Let k = 27 - 13. Let t = k + -9. Let w = -4 + t. What is the highest common divisor of 7 and w?
1
Suppose 0 = j - 3*o - 12, -2*j + 3*o + 15 = -0*j. Let y(p) = -p + 4. Let x be y(0). Suppose -j*r = -x*r + 30. Calculate the highest common factor of 20 and r.
10
Suppose -2*g - 4*v = 6, g - 5*v - 19 = 6. Calculate the greatest common factor of 20 and g.
5
Let o(m) = -2*m - 3. Let f be o(-3). Suppose -c = f*h - 8*h + 10, 0 = -c - 5*h. Let s be (27 - -5)*c/(-4). Calculate the highest common divisor of s and 60.
20
Suppose 0*u - 4 = -u. Let r = -3 + 6. Suppose r*o = -0*o - 2*s + 92, -5*o + 124 = -4*s. What is the highest common divisor of o and u?
4
Let d be (-103)/(-1) - (5 + -10). What is the highest common divisor of d and 162?
54
Suppose 3*u + 3 - 81 = 0. Suppose 88 = -4*d + 4*o, -2*d = 2*o + 28 + 24. Let j = -11 - d. What is the highest common divisor of u and j?
13
Let p be -2 - -25 - (-2 + 1). Suppose -p = -3*r - 5*s + 39, 0 = 3*s. Calculate the highest common divisor of r and 105.
21
Let n = -56 + 90. Suppose -30 = -4*l + 5*x, 3*l - 3*x + 5*x = n. Suppose 0 = -3*c - 2*c + l. Calculate the greatest common divisor of c and 2.
2
Suppose -3*m - 2*m = 4*k - 129, m + 39 = k. Let j be (k/10)/((-3)/(-30)). Calculate the greatest common divisor of j and 12.
12
Let j(k) = -k**2 + 13*k + 9. Let m be j(9). Let i = 54 + -36. What is the greatest common divisor of m and i?
9
Let q be 3 + -2 - 1*-9. Let t be 0 + 1 - (-1 + 0). What is the greatest common factor of q and t?
2
Let h be (-4)/(-26) + 24/13. Suppose 714 = -0*s + 4*s - h*m, 0 = s + 5*m - 195. Calculate the greatest common factor of s and 20.
20
Suppose -l + 7 = s, -2*s + 6*s + 5*l - 28 = 0. What is the greatest common divisor of 35 and s?
7
Let p(v) = 11*v - 11. Let i be p(-6). Let o = 141 + i. What is the highest common factor of 16 and o?
16
Let f be -6*(-1 + 0) - 0. Suppose -p + f = 4*s, 0*p + 4*p - 5 = 3*s. What is the greatest common factor of 1 and s?
1
Suppose 0*w = -4*w + 56. Let d = 330 + -190. Calculate the greatest common divisor of d and w.
14
Suppose -q = -5 + 1. Let n = q + -7. Let r be (-21)/(-2) + n/2. What is the highest common factor of 72 and r?
9
Let x(v) = -21*v + 1. Let m be x(-1). Let f(z) = -z - 1. Let y be f(-3). What is the highest common factor of m and y?
2
Let q(y) = y**2 - 17*y. Let h be q(18). Calculate the greatest common factor of h and 45.
9
Let g(t) = -t**2 + 14*t - 30. Let k be g(6). Suppose -3*x + 87 = 3*s, 52 = 2*s - 0*x - x. Calculate the greatest common factor of s and k.
9
Let a(m) = -7*m - 4. Let f be a(-6). Calculate the highest common factor of f and 95.
19
Let f be (28/(-12))/(1/(-3)). Let d(c) = 8*c + 1. Let t be d(f). Calculate the greatest common divisor of 19 and t.
19
Let r = 11 + -7. Suppose r*g + 0*g = 12. Calculate the greatest common factor of 18 and g.
3
Suppose -u = -a + 85, -25 = -4*u - u. Suppose 6*v = v + a. Let y be (-97)/(-9) + 4/v. What is the greatest common divisor of 110 and y?
11
Let h be 340/6 + 14/(-21). What is the greatest common divisor of h and 8?
8
Suppose 2*k - 3*k = d - 5, -4*d - 3*k = -25. Let n = d - 3. What is the highest common divisor of 63 and n?
7
Suppose l - 315 = -2*l. Let w be 125*1/5 - (0 + 4). Calculate the highest common factor of w and l.
21
Let q = 43 + -51. Suppose v + 2*v = 60. Let g = v + q. What is the highest common factor of g and 30?
6
Suppose -5*g + 22 = k, -3*k - g + 1 = 5. Let j be ((-14)/4)/(k/6). Suppose -3 + 24 = 3*b. What is the highest common divisor of j and b?
7
Let s = -1 - 2. Let l be 42*(3 + -5 - s). Suppose -c + 24 = 3*b - b, c = -4. What is the highest common factor of b and l?
14
Let s(r) = -r**2 + 4*r - 2. Let h be s(2). What is the highest common factor of 22 and h?
2
Let p be ((-9)/(-2 - -5))/(-1). Suppose 0 = 2*r - p*r + 2*l + 21, 0 = 4*l. Calculate the highest common divisor of 14 and r.
7
Let d be 2/(528/261 + -2). Let h = d + -32. Let o = -5 + h. What is the highest common factor of 20 and o?
10
Let a(u) = -11*u**3 - u. Let p be a(-1). Let f be (-2)/4 + 132/8. Suppose 4*r - 2*m - 32 = 0, m - f = -2*r - 0*m. What is the highest common divisor of r and p?
4
Let i = -23 - -35. Suppose -v + 23 = o, -4*o = -4 + i. What is the highest common divisor of v and 200?
25
Suppose 7 = 3*c + 4, -29 = -f + c. What is the greatest common divisor of 270 and f?
30
Let y(d) = -d**3 + 8*d**2 - d + 7. Let x be y(7). Let p be (-3)/(-5) - x/(-35). Calculate the greatest common divisor of p and 10.
2
Let f be 25/4 + (-2)/8. Let y(o) = -o**2 - 3*o. Let c be y(-3). Suppose c = 3*l + 2 - 11. What is the highest common factor of l and f?
3
Let s(r) = 2*r**2 - 3*r - 1. Let q be s(-2). Suppose -a + 0*a = -q. What is the greatest common factor of a and 13?
13
Suppose -b - 112 = -4*w + 5, 4*w - 3*b = 119. Calculate the highest common divisor of w and 319.
29
Suppose 0 = 8*b - 6*b + 8. Let n be (5/4)/(b/(-32)). What is the highest common divisor of n and 80?
10
Let y = -72 - -197. Let h = 13 + -8. Suppose 0*f - h*f + y = 0. What is the highest common divisor of f and 10?
5
Suppose -2*c + 191 = 3*m, -4*m = 5*c + m - 465. Calculate the greatest common factor of c and 11.
11
Suppose v + v - 63 = -5*i, -4*v - 56 = -4*i. Let k(a) = -a**2 - a + 246. Let h be k(0). Let t = h + -129. Calculate the greatest common factor of t and i.
13
Suppose b + 5*l - 45 = 0, -l = 3*b + 4*l - 125. Calculate the greatest common divisor of b and 320.
40
Let q = 560 + -380. Calculate the highest common factor of q and 18.
18
Suppose -5*o + 2*o = -240. Calculate the highest common factor of o and 10.
10
Suppose 10*x = -4*x + 294. Calculate the highest common factor of 42 and x.
21
Let s be 10/4*(6 + -4). What is the greatest common divisor of s and 45?
5
Let j be ((-162)/45)/((-1)/5). Calculate the highest common divisor of 45 and j.
9
Let v(a) = 3*a**2 - 12*a + 8. Let t be v(4). Calculate the greatest common divisor of t and 8.
8
Let m(x) = 5*x**2 + x + 1. Let a be m(-1). Suppose -4*q + 6*q - 4*n = 62, 5*q + 3*n - 116 = 0. Calculate the greatest common factor of a and q.
5
Let f be 0/(7 + -3) - 61. Let a = -31 - f. What is the highest common divisor of a and 20?
10
Suppose n = -5*l - n + 62, 0 = -5*l + 4*n + 56. Suppose -t - t = 0. Suppose t*z = -3*z + 108. Calculate the greatest common factor of z and l.
12
Let z(b) = -b**2 + 24*b - 23. Let u be z(22). Calculate the highest common factor of u and 35.
7
Let w = -11 - -21. What is the greatest common factor of 20 and w?
10
Suppose -t - 5*h - 35 = -6*t, -4 = h. Suppose m + 2*v - 9 = 0, -t*m + 28 = 4*v + 5. What is the greatest common divisor of m and 40?
5
Let i = 6 + -16. Let n be (-45)/i*(-2)/(-3). Suppose -n*v - 35 = -8*v. Calculate the highest common factor of v and 35.
7
Let p = -18 + 32. What is the greatest common divisor of p and 70?
14
Let u be -18*(-7)/(-21)*-4*1. What is the highest common factor of 18 and u?
6
Let n = 15 + -11. What is the highest common factor of 36 and n?
4
Let i(q) = q**2 - 2*q. Let m be i(-4). Let u(a) = 2*a**2 - a. Let j(b) = 2*b - 2. Let o be j(2). Let y be u(o). What is the greatest common factor of y and m?
6
Let v(t) = t**3 - 4*t**2 + 3*t - 6. Let h(p) = -p**2 - 1. Let k(z) = -3*h(z) + v(z). Let r be k(2). What is the greatest common divisor of 14 and r?
7
Let b(r) = r**2 + 2*r - 3. Let v be b(-5). Suppose -4*c - 80 = -n, -5*c - 247 = 2*n - 5*n. What is the highe